{"id":174,"date":"2020-01-30T09:28:53","date_gmt":"2020-01-30T09:28:53","guid":{"rendered":"https:\/\/demosites.io\/architecture-gb\/?page_id=174"},"modified":"2022-02-01T21:24:21","modified_gmt":"2022-02-01T20:24:21","slug":"e866c-homepage","status":"publish","type":"page","link":"https:\/\/sebastianoedilizia.it\/","title":{"rendered":"Homepage"},"content":{"rendered":"\n<div class=\"wp-block-themeisle-blocks-advanced-columns alignfull has-1-columns has-desktop-equal-layout has-tablet-equal-layout has-mobile-equal-layout has-default-gap has-vertical-unset\" id=\"wp-block-themeisle-blocks-advanced-columns-17417fc2\"><div class=\"wp-block-themeisle-blocks-advanced-columns-overlay\"><\/div><div class=\"innerblocks-wrap\">\n<div class=\"wp-block-themeisle-blocks-advanced-column\" id=\"wp-block-themeisle-blocks-advanced-column-14a56319\">\n<h1 id=\"wp-block-themeisle-blocks-advanced-heading-7219cdff\" class=\"wp-block-themeisle-blocks-advanced-heading wp-block-themeisle-blocks-advanced-heading-7219cdff\"><\/h1>\n\n\n\n<p class=\"has-text-align-center has-white-color has-text-color\" style=\"font-size:22px\">Da oltre 40 anni nel settore.<\/p>\n\n\n\n<div class=\"wp-block-buttons is-horizontal is-content-justification-center is-layout-flex wp-container-core-buttons-is-layout-499968f5 wp-block-buttons-is-layout-flex\">\n<div class=\"wp-block-button is-style-primary\"><a class=\"wp-block-button__link\" href=\"http:\/\/sebastianoedilizia.it\/index.php\/contatti\/\" rel=\"\">CONTATTACI<\/a><\/div>\n<\/div>\n<\/div>\n<\/div><\/div>\n\n\n\n<section class=\"wp-block-themeisle-blocks-advanced-columns alignfull has-1-columns has-desktop-equal-layout has-tablet-equal-layout has-mobile-equal-layout has-nogap-gap has-vertical-flex-start\" id=\"wp-block-themeisle-blocks-advanced-columns-335a2f03\"><div class=\"wp-block-themeisle-blocks-advanced-columns-overlay\"><\/div><div class=\"innerblocks-wrap\">\n<div class=\"wp-block-themeisle-blocks-advanced-column\" id=\"wp-block-themeisle-blocks-advanced-column-5d90343f\">\n<section class=\"wp-block-themeisle-blocks-advanced-columns has-2-columns has-desktop-equal-layout has-tablet-equal-layout has-mobile-collapsedRows-layout has-nogap-gap has-vertical-center\" id=\"wp-block-themeisle-blocks-advanced-columns-b2ead1d6\"><div class=\"wp-block-themeisle-blocks-advanced-columns-overlay\"><\/div><div class=\"innerblocks-wrap\">\n<div class=\"wp-block-themeisle-blocks-advanced-column\" id=\"wp-block-themeisle-blocks-advanced-column-7c705a1c\">\n<h6 id=\"wp-block-themeisle-blocks-advanced-heading-a1b00887\" class=\"wp-block-themeisle-blocks-advanced-heading wp-block-themeisle-blocks-advanced-heading-a1b00887\">SEBASTIANO EDILIZIA<\/h6>\n\n\n\n<h2 class=\"has-nv-text-dark-bg-color has-text-color wp-block-heading\" id=\"ristrutturazioni-edili\">RISTRUTTURAZIONI EDILI<\/h2>\n\n\n\n<p class=\"has-nv-site-bg-color has-text-color\">Proponiamo un servizio di ristrutturazione personalizzato dal marchio \u201cSebastiano Edilizia Srl\u201d, in grado di garantire ai suoi clienti un servizio di ristrutturazione della propria casa, o parte di essa, eseguito da personale qualificato, competente e costantemente aggiornato, che sapr\u00e0 proporvi, in tempi rapidi, la soluzione pi\u00f9 adatta alle vostre esigenze abitative. Con Sebastiano Edilizia potrai&nbsp;ristrutturare&nbsp;casa&nbsp;in tempi brevi.<br>Un servizio di ristrutturazione \u201cchiavi in mano\u201d.<\/p>\n\n\n\n<div class=\"wp-block-buttons is-layout-flex wp-block-buttons-is-layout-flex\">\n<div class=\"wp-block-button is-style-secondary\"><a class=\"wp-block-button__link\" href=\"http:\/\/sebastianoedilizia.it\/index.php\/contatti\/\">CONTATTACI<\/a><\/div>\n<\/div>\n<\/div>\n\n\n\n<div class=\"wp-block-themeisle-blocks-advanced-column\" id=\"wp-block-themeisle-blocks-advanced-column-5f9a9ec0\">\n<figure class=\"wp-block-image size-large animated fadeInUp delay-100ms slow\"><img loading=\"lazy\" decoding=\"async\" width=\"600\" height=\"600\" src=\"http:\/\/sebastianoedilizia.it\/wp-content\/uploads\/2019\/07\/neve-architect-demo-08.jpg\" alt=\"\" class=\"wp-image-139\"\/><\/figure>\n<\/div>\n<\/div><\/section>\n\n\n\n<section class=\"wp-block-themeisle-blocks-advanced-columns has-3-columns has-desktop-equal-layout has-tablet-equal-layout has-mobile-collapsedRows-layout has-nogap-gap has-vertical-flex-start\" id=\"wp-block-themeisle-blocks-advanced-columns-8e7cc7ae\"><div class=\"wp-block-themeisle-blocks-advanced-columns-overlay\"><\/div><div class=\"innerblocks-wrap\">\n<div class=\"wp-block-themeisle-blocks-advanced-column\" id=\"wp-block-themeisle-blocks-advanced-column-725f10a7\">\n<figure class=\"wp-block-image size-large is-resized animated fadeInUp slow\"><img loading=\"lazy\" decoding=\"async\" src=\"http:\/\/sebastianoedilizia.it\/wp-content\/uploads\/2019\/07\/neve-architect-demo-11.jpg\" alt=\"\" class=\"wp-image-142\" width=\"350\" height=\"350\"\/><\/figure>\n<\/div>\n\n\n\n<div class=\"wp-block-themeisle-blocks-advanced-column\" id=\"wp-block-themeisle-blocks-advanced-column-3c67f726\">\n<figure class=\"wp-block-image size-large animated fadeInUp delay-200ms slow\"><img loading=\"lazy\" decoding=\"async\" width=\"360\" height=\"360\" src=\"http:\/\/sebastianoedilizia.it\/wp-content\/uploads\/2019\/07\/neve-architect-demo-13.jpg\" alt=\"\" class=\"wp-image-144\"\/><\/figure>\n<\/div>\n\n\n\n<div class=\"wp-block-themeisle-blocks-advanced-column\" id=\"wp-block-themeisle-blocks-advanced-column-4956dbc0\">\n<figure class=\"wp-block-image size-large animated fadeInUp delay-500ms slow\"><img loading=\"lazy\" decoding=\"async\" width=\"360\" height=\"360\" src=\"http:\/\/sebastianoedilizia.it\/wp-content\/uploads\/2019\/07\/neve-architect-demo-14.jpg\" alt=\"\" class=\"wp-image-145\"\/><\/figure>\n<\/div>\n<\/div><\/section>\n<\/div>\n<\/div><\/section>\n\n\n\n<section class=\"wp-block-themeisle-blocks-advanced-columns alignfull has-1-columns has-desktop-equal-layout has-tablet-equal-layout has-mobile-equal-layout has-nogap-gap has-vertical-flex-start\" id=\"wp-block-themeisle-blocks-advanced-columns-dab9e0bf\"><div class=\"wp-block-themeisle-blocks-advanced-columns-overlay\"><\/div><div class=\"innerblocks-wrap\">\n<div class=\"wp-block-themeisle-blocks-advanced-column\" id=\"wp-block-themeisle-blocks-advanced-column-9df22226\"><\/div>\n<\/div><\/section>\n\n\n\n<div class=\"wp-block-themeisle-blocks-advanced-columns alignfull has-2-columns has-desktop-equal-layout has-tablet-equal-layout has-mobile-collapsedRows-layout has-default-gap has-vertical-unset\" id=\"wp-block-themeisle-blocks-advanced-columns-7591d0fe\"><div class=\"wp-block-themeisle-blocks-advanced-columns-overlay\"><\/div><div class=\"innerblocks-wrap\">\n<div class=\"wp-block-themeisle-blocks-advanced-column\" id=\"wp-block-themeisle-blocks-advanced-column-580947ad\">\n<figure class=\"wp-block-image size-large animated fadeInUp slow\"><img loading=\"lazy\" decoding=\"async\" width=\"600\" height=\"600\" src=\"http:\/\/sebastianoedilizia.it\/wp-content\/uploads\/2019\/07\/neve-architect-demo-12.jpg\" alt=\"\" class=\"wp-image-143\"\/><\/figure>\n<\/div>\n\n\n\n<div class=\"wp-block-themeisle-blocks-advanced-column\" id=\"wp-block-themeisle-blocks-advanced-column-1a2d16c7\">\n<h6 id=\"wp-block-themeisle-blocks-advanced-heading-8e9a017c\" class=\"wp-block-themeisle-blocks-advanced-heading wp-block-themeisle-blocks-advanced-heading-8e9a017c\">SEBASTIANO EDILIZIA<\/h6>\n\n\n\n<h2 class=\"has-nv-site-bg-color has-text-color wp-block-heading\" id=\"edilizia-civile-nuova\">EDILIZIA CIVILE NUOVA<\/h2>\n\n\n\n<p class=\"has-nv-site-bg-color has-text-color\">Sebastiano Edilizia, realizza abitazioni utilizzando metodi di costruzione sempre aggiornati. Grazie alla lunga esperienza nel campo dell\u2019edilizia&nbsp;civile,&nbsp;l\u2019impresa edile&nbsp;Sebastiano Edilizia \u00e8&nbsp;in grado di adottare soluzioni che rispondano alle tue necessit\u00e0, in accordo con la vostra disponibilit\u00e0 economica, per aiutarti a progettare la casa dei tuoi sogni.<\/p>\n\n\n\n<div class=\"wp-block-buttons is-layout-flex wp-block-buttons-is-layout-flex\">\n<div class=\"wp-block-button is-style-secondary\"><a class=\"wp-block-button__link\" href=\"http:\/\/sebastianoedilizia.it\/index.php\/contatti\/\">DETTAGLI<\/a><\/div>\n<\/div>\n<\/div>\n<\/div><\/div>\n\n\n\n<div class=\"wp-block-themeisle-blocks-advanced-columns alignfull has-2-columns has-desktop-equal-layout has-tablet-equal-layout has-mobile-collapsedRows-layout has-default-gap has-vertical-unset ticss-15377e8c\" id=\"wp-block-themeisle-blocks-advanced-columns-6ef621f5\"><div class=\"wp-block-themeisle-blocks-advanced-columns-overlay\"><\/div><div class=\"innerblocks-wrap\">\n<div class=\"wp-block-themeisle-blocks-advanced-column\" id=\"wp-block-themeisle-blocks-advanced-column-f9f3e7fd\">\n<h2 class=\"has-nv-text-dark-bg-color has-text-color wp-block-heading\" id=\"contattaci\">CONTATTACI<\/h2>\n\n\n\n<h3 class=\"has-nv-text-dark-bg-color has-text-color wp-block-heading\" id=\"ti-risponderemo-al-piu-presto\">TI RISPONDEREMO AL PI\u00f9 PRESTO<\/h3>\n\n\n\n<p class=\"has-nv-text-dark-bg-color has-text-color\">Per informazioni e preventivi puoi contattarci compilando il form qui di fianco oppure puoi scriverci su whatsapp al numero 345 7766736. Potrai anche fissare un appuntamento per gestire al meglio la tua richiesta<\/p>\n\n\n\n<ul class=\"wp-block-social-links alignleft is-layout-flex wp-block-social-links-is-layout-flex\"><li class=\"wp-social-link wp-social-link-facebook  wp-block-social-link\"><a href=\"https:\/\/www.facebook.com\/??????????-????????-???-101292952366021\/\" class=\"wp-block-social-link-anchor\"><svg width=\"24\" height=\"24\" viewBox=\"0 0 24 24\" version=\"1.1\" xmlns=\"http:\/\/www.w3.org\/2000\/svg\" aria-hidden=\"true\" focusable=\"false\"><path d=\"M12 2C6.5 2 2 6.5 2 12c0 5 3.7 9.1 8.4 9.9v-7H7.9V12h2.5V9.8c0-2.5 1.5-3.9 3.8-3.9 1.1 0 2.2.2 2.2.2v2.5h-1.3c-1.2 0-1.6.8-1.6 1.6V12h2.8l-.4 2.9h-2.3v7C18.3 21.1 22 17 22 12c0-5.5-4.5-10-10-10z\"><\/path><\/svg><span class=\"wp-block-social-link-label screen-reader-text\">Facebook<\/span><\/a><\/li>\n\n<li class=\"wp-social-link wp-social-link-twitter  wp-block-social-link\"><a href=\"mailto:&#097;&#097;exa&#109;&#112;l&#101;&#064;&#101;x&#097;m&#112;le.c&#111;m\" class=\"wp-block-social-link-anchor\"><svg width=\"24\" height=\"24\" viewBox=\"0 0 24 24\" version=\"1.1\" xmlns=\"http:\/\/www.w3.org\/2000\/svg\" aria-hidden=\"true\" focusable=\"false\"><path d=\"M22.23,5.924c-0.736,0.326-1.527,0.547-2.357,0.646c0.847-0.508,1.498-1.312,1.804-2.27 c-0.793,0.47-1.671,0.812-2.606,0.996C18.324,4.498,17.257,4,16.077,4c-2.266,0-4.103,1.837-4.103,4.103 c0,0.322,0.036,0.635,0.106,0.935C8.67,8.867,5.647,7.234,3.623,4.751C3.27,5.357,3.067,6.062,3.067,6.814 c0,1.424,0.724,2.679,1.825,3.415c-0.673-0.021-1.305-0.206-1.859-0.513c0,0.017,0,0.034,0,0.052c0,1.988,1.414,3.647,3.292,4.023 c-0.344,0.094-0.707,0.144-1.081,0.144c-0.264,0-0.521-0.026-0.772-0.074c0.522,1.63,2.038,2.816,3.833,2.85 c-1.404,1.1-3.174,1.756-5.096,1.756c-0.331,0-0.658-0.019-0.979-0.057c1.816,1.164,3.973,1.843,6.29,1.843 c7.547,0,11.675-6.252,11.675-11.675c0-0.178-0.004-0.355-0.012-0.531C20.985,7.47,21.68,6.747,22.23,5.924z\"><\/path><\/svg><span class=\"wp-block-social-link-label screen-reader-text\">Twitter<\/span><\/a><\/li>\n\n<li class=\"wp-social-link wp-social-link-google  wp-block-social-link\"><a href=\"mailto:&#097;a&#101;&#120;a&#109;p&#108;e&#064;exa&#109;&#112;&#108;e&#046;c&#111;&#109;\" class=\"wp-block-social-link-anchor\"><svg width=\"24\" height=\"24\" viewBox=\"0 0 24 24\" version=\"1.1\" xmlns=\"http:\/\/www.w3.org\/2000\/svg\" aria-hidden=\"true\" focusable=\"false\"><path d=\"M12.02,10.18v3.72v0.01h5.51c-0.26,1.57-1.67,4.22-5.5,4.22c-3.31,0-6.01-2.75-6.01-6.12s2.7-6.12,6.01-6.12 c1.87,0,3.13,0.8,3.85,1.48l2.84-2.76C16.99,2.99,14.73,2,12.03,2c-5.52,0-10,4.48-10,10s4.48,10,10,10c5.77,0,9.6-4.06,9.6-9.77 c0-0.83-0.11-1.42-0.25-2.05H12.02z\"><\/path><\/svg><span class=\"wp-block-social-link-label screen-reader-text\">Google<\/span><\/a><\/li>\n\n<li class=\"wp-social-link wp-social-link-linkedin  wp-block-social-link\"><a href=\"mailto:aaex&#097;&#109;p&#108;e&#064;ex&#097;mpl&#101;&#046;com\" class=\"wp-block-social-link-anchor\"><svg width=\"24\" height=\"24\" viewBox=\"0 0 24 24\" version=\"1.1\" xmlns=\"http:\/\/www.w3.org\/2000\/svg\" aria-hidden=\"true\" focusable=\"false\"><path d=\"M19.7,3H4.3C3.582,3,3,3.582,3,4.3v15.4C3,20.418,3.582,21,4.3,21h15.4c0.718,0,1.3-0.582,1.3-1.3V4.3 C21,3.582,20.418,3,19.7,3z M8.339,18.338H5.667v-8.59h2.672V18.338z M7.004,8.574c-0.857,0-1.549-0.694-1.549-1.548 c0-0.855,0.691-1.548,1.549-1.548c0.854,0,1.547,0.694,1.547,1.548C8.551,7.881,7.858,8.574,7.004,8.574z M18.339,18.338h-2.669 v-4.177c0-0.996-0.017-2.278-1.387-2.278c-1.389,0-1.601,1.086-1.601,2.206v4.249h-2.667v-8.59h2.559v1.174h0.037 c0.356-0.675,1.227-1.387,2.526-1.387c2.703,0,3.203,1.779,3.203,4.092V18.338z\"><\/path><\/svg><span class=\"wp-block-social-link-label screen-reader-text\">LinkedIn<\/span><\/a><\/li><\/ul>\n<\/div>\n\n\n\n<div class=\"wp-block-themeisle-blocks-advanced-column\" id=\"wp-block-themeisle-blocks-advanced-column-99a7ba8b\">\n<div id=\"wp-block-themeisle-blocks-form-653e3161\" class=\"wp-block-themeisle-blocks-form\" data-option-name=\"174_653e3161\"><div class=\"otter-form__container\">\n<div class=\"wp-block-themeisle-blocks-form-input\"><label for=\"wp-block-themeisle-blocks-form-input-fdd108d8\" class=\"otter-form-input-label\"><span class=\"otter-form-input-label__label\">Nome<\/span><span class=\"required\">(required)<\/span><\/label><input type=\"text\" id=\"wp-block-themeisle-blocks-form-input-fdd108d8\" required class=\"otter-form-input\"\/><\/div>\n\n\n\n<div class=\"wp-block-themeisle-blocks-form-input\"><label for=\"wp-block-themeisle-blocks-form-input-60895cea\" class=\"otter-form-input-label\"><span class=\"otter-form-input-label__label\">Email<\/span><span class=\"required\">(required)<\/span><\/label><input type=\"email\" id=\"wp-block-themeisle-blocks-form-input-60895cea\" required class=\"otter-form-input\"\/><\/div>\n\n\n\n<div class=\"wp-block-themeisle-blocks-form-textarea\"><label for=\"wp-block-themeisle-blocks-form-textarea-362b73c2\" class=\"otter-form-textarea-label\"><span class=\"otter-form-textarea-label__label\">Messaggio<\/span><\/label><textarea id=\"wp-block-themeisle-blocks-form-textarea-362b73c2\" rows=\"10\" class=\"otter-form-textarea-input\"><\/textarea><\/div>\n\n\n\n<p class=\"has-extra-small-font-size\">Accetti di ricevere comunicazioni e-mail da parte nostra inviando questo modulo e comprendi che le tue informazioni di contatto saranno archiviate con noi.<\/p>\n\n\n<div class=\"protection\" aria-hidden=\"true\"><input type=\"hidden\" id=\"wp-block-themeisle-blocks-form-653e3161_nonce_field\" name=\"wp-block-themeisle-blocks-form-653e3161_nonce_field\" value=\"803f511827\" \/><input type=\"hidden\" name=\"_wp_http_referer\" value=\"\/index.php\/wp-json\/wp\/v2\/pages\/174\" \/><input class=\"o-anti-bot\" type=\"checkbox\"><\/div><div class=\"wp-block-button\"><button class=\"wp-block-button__link\">Subscribe<\/button><\/div><\/div><\/div>\n<\/div>\n<\/div><\/div>\n\n\n\n<div class=\"wp-block-themeisle-blocks-advanced-columns alignfull has-2-columns has-desktop-equal-layout has-tablet-equal-layout has-mobile-collapsedRows-layout has-default-gap has-vertical-unset\" id=\"wp-block-themeisle-blocks-advanced-columns-27c6d13c\"><div class=\"wp-block-themeisle-blocks-advanced-columns-overlay\"><\/div><div class=\"innerblocks-wrap\">\n<div class=\"wp-block-themeisle-blocks-advanced-column\" id=\"wp-block-themeisle-blocks-advanced-column-00efda99\">\n<h6 id=\"wp-block-themeisle-blocks-advanced-heading-3cd4859d\" class=\"wp-block-themeisle-blocks-advanced-heading wp-block-themeisle-blocks-advanced-heading-3cd4859d\">SEBASTIANO EDILIZIA<\/h6>\n\n\n\n<h2 class=\"has-nv-text-dark-bg-color has-text-color wp-block-heading\" id=\"scavi-e-demolizioni\">SCAVI E DEMOLIZIONI<\/h2>\n\n\n\n<p class=\"has-nv-site-bg-color has-text-color\">40 anni di esperienza nel settore degli scavi e delle demolizioni.<br>L\u2019impresa Sebastiano Edilizia Srl , fonte di oltre 40 anni di esperienza nel settore degli scavi e delle demolizioni per il settore pubblico e privato, assicura sempre la massima qualit\u00e0 e tempestivit\u00e0 in ogni prestazione lavorativa. Il personale dell\u2019azienda \u00e8 sempre disposto a seguirvi durante tutte le fasi del servizio, consigliandovi la soluzione migliore in base alle vostre personali esigenze.<\/p>\n\n\n\n<p class=\"has-nv-site-bg-color has-text-color\">-Costruiamo un futuro migliore, riciclando i vostri rifiuti.<\/p>\n\n\n\n<div style=\"height:20px\" aria-hidden=\"true\" class=\"wp-block-spacer\"><\/div>\n\n\n\n<div class=\"wp-block-buttons is-layout-flex wp-block-buttons-is-layout-flex\">\n<div class=\"wp-block-button is-style-secondary\"><a class=\"wp-block-button__link\" href=\"http:\/\/sebastianoedilizia.it\/index.php\/contatti\/\">CONTATTI<\/a><\/div>\n<\/div>\n<\/div>\n\n\n\n<div class=\"wp-block-themeisle-blocks-advanced-column\" id=\"wp-block-themeisle-blocks-advanced-column-a7440713\">\n<figure class=\"wp-block-image size-large animated fadeInUp slow\"><img loading=\"lazy\" decoding=\"async\" width=\"600\" height=\"600\" src=\"http:\/\/sebastianoedilizia.it\/wp-content\/uploads\/2019\/07\/neve-architect-demo-06.jpg\" alt=\"\" class=\"wp-image-137\"\/><\/figure>\n<\/div>\n<\/div><\/div>\n","protected":false},"excerpt":{"rendered":"","protected":false},"author":1,"featured_media":0,"parent":0,"menu_order":0,"comment_status":"closed","ping_status":"closed","template":"page-templates\/template-pagebuilder-full-width.php","meta":{"neve_meta_sidebar":"full-width","neve_meta_container":"","neve_meta_enable_content_width":"on","neve_meta_content_width":100,"neve_meta_title_alignment":"","neve_meta_author_avatar":"","neve_post_elements_order":"","neve_meta_disable_header":"","neve_meta_disable_footer":"","neve_meta_disable_title":"","_themeisle_gutenberg_block_has_review":false,"footnotes":""},"class_list":["post-174","page","type-page","status-publish","hentry"],"_links":{"self":[{"href":"https:\/\/sebastianoedilizia.it\/index.php\/wp-json\/wp\/v2\/pages\/174","targetHints":{"allow":["GET"]}}],"collection":[{"href":"https:\/\/sebastianoedilizia.it\/index.php\/wp-json\/wp\/v2\/pages"}],"about":[{"href":"https:\/\/sebastianoedilizia.it\/index.php\/wp-json\/wp\/v2\/types\/page"}],"author":[{"embeddable":true,"href":"https:\/\/sebastianoedilizia.it\/index.php\/wp-json\/wp\/v2\/users\/1"}],"replies":[{"embeddable":true,"href":"https:\/\/sebastianoedilizia.it\/index.php\/wp-json\/wp\/v2\/comments?post=174"}],"version-history":[{"count":9,"href":"https:\/\/sebastianoedilizia.it\/index.php\/wp-json\/wp\/v2\/pages\/174\/revisions"}],"predecessor-version":[{"id":439,"href":"https:\/\/sebastianoedilizia.it\/index.php\/wp-json\/wp\/v2\/pages\/174\/revisions\/439"}],"wp:attachment":[{"href":"https:\/\/sebastianoedilizia.it\/index.php\/wp-json\/wp\/v2\/media?parent=174"}],"curies":[{"name":"wp","href":"https:\/\/api.w.org\/{rel}","templated":true}]}}